factors of 1 + ((d + -3)/(-4) - -53).
2, 3
List the prime factors of 18/(-21) - 1782360/(-105).
2, 3, 23, 41
Let v(y) = -2*y**3 - 3*y**2 + 17*y + 153. List the prime factors of v(-8).
3, 283
Let i(o) be the second derivative of 47*o**3/6 - 13*o**2/2 + 54*o. What are the prime factors of i(10)?
457
Let q(g) = -g**3 + g**2 - g - 2. Let f(o) = -2*o**3 + 20*o**2 - 21*o + 2. Let b(l) = f(l) - q(l). What are the prime factors of b(12)?
2, 193
Let n be ((-3)/(-9))/(4 + (-5106)/1278). Suppose -n*k + 2*v - 4572 = -74*k, -3*v = 9. What are the prime factors of k?
2, 7, 109
Let f = -118 - 395. Let d = f + 1822. List the prime factors of d.
7, 11, 17
Let u = 4619 + -1019. Suppose -k = 7*k - u. List the prime factors of k.
2, 3, 5
Let i be (34584/60)/(3/15). Let l = 4161 - i. List the prime factors of l.
1279
Suppose -2*w = -29*w + 99*w - 3842280. List the prime factors of w.
5, 13, 821
Let y(d) = 44*d**3 - 3*d**2 + 5*d - 2. Suppose -5*r = 3*u - 2, 2*r = 5*u + 14 - 7. List the prime factors of y(r).
2, 11
Let w(f) = 504*f**2 - 110*f + 546. List the prime factors of w(5).
2, 47, 67
Let c be (30/30)/(0 + (-2)/6). What are the prime factors of c/(-6)*(890 - -4)?
3, 149
Let p(x) = 3*x - 48. Let i be p(12). List the prime factors of (8/i)/(0 - (-2)/(-1110)).
2, 5, 37
Suppose 5*n = 0, 13*w - 12*w - 32 = 3*n. Let t(r) = -106*r**2 - 1 + 107*r**2 - 2 + w*r**3. List the prime factors of t(2).
257
Let q(h) = 403*h + 1311. What are the prime factors of q(16)?
7759
Let u(q) = 18*q - 4*q - 8*q - 5*q - 1. Let h be u(-4). Let n = h - -29. What are the prime factors of n?
2, 3
Suppose -12*g - 8484 - 24786 + 157866 = 0. What are the prime factors of g?
3, 3461
Let n = -39 + 42. Suppose 3*f - n*y - 342 = 0, -2*f - 3*y = 3*f - 570. What are the prime factors of f?
2, 3, 19
Let k(h) = h**2 + h + 11. Let l(s) = 5*s**2 + 4*s + 32. Let n(o) = -8*k(o) + 3*l(o). What are the prime factors of n(-8)?
2, 53
Suppose -2*b - 14 = 0, 4*b = -s + 4929 + 28855. List the prime factors of s.
2, 79, 107
Let y = -9089 - -38615. List the prime factors of y.
2, 3, 7, 19, 37
Suppose 203*i + 111*i + 56092 = 823194. List the prime factors of i.
7, 349
What are the prime factors of (-6 - 1) + 383302/86?
2, 5, 89
Let r(b) = -24*b**3 - 15*b**2 + 3*b + 18. Let y(t) = 8*t**3 + 5*t**2 - t - 6. Let w(h) = 6*r(h) + 17*y(h). List the prime factors of w(-4).
2, 7, 31
Let y = 2100 + -1365. Let v = y + -434. List the prime factors of v.
7, 43
Let l(t) = 14*t + 3 + 2*t - 6*t - 31. Let k be l(-10). What are the prime factors of 1 + (-1)/(-2 - 252/k)?
3, 11
Let s(m) = -169*m**2 + 3*m + 2. Let d be s(-2). Let i = d + 979. Suppose i = 6*b - 1. What are the prime factors of b?
2, 5
List the prime factors of (-6)/(-4)*(-140)/105*-2234.
2, 1117
Let g(n) = 521*n - 1094. List the prime factors of g(24).
2, 5, 7, 163
Let a = 2462 - -3722. List the prime factors of a.
2, 773
Let t = 606 + 3247. List the prime factors of t.
3853
Let a = 340 + -178. Suppose 21*m = 20*m + a. Let n = 372 - m. List the prime factors of n.
2, 3, 5, 7
What are the prime factors of (1742/(-4))/(19/(-38))?
13, 67
Suppose -s - 7*s = 72. List the prime factors of ((-210)/(-8))/(s*1/(-96)).
2, 5, 7
Let j = -15617 + 44565. List the prime factors of j.
2, 7237
Let j(g) = -126*g - 3. Suppose -189 + 183 = -i. Let h(n) = 253*n + 6. Let a(y) = i*h(y) + 11*j(y). What are the prime factors of a(1)?
3, 5
Let l = 203 + -52. Let s be -3 - -4 - (-96)/(-2). Let j = l + s. List the prime factors of j.
2, 13
Suppose 40*w = 7*w - 32860 + 862216. List the prime factors of w.
2, 61, 103
Let d(s) = 2283*s**2 - 48*s + 129. List the prime factors of d(3).
2, 3, 29, 59
Suppose 18 = -5*h + 138. Suppose h*w = 10432 + 7376. What are the prime factors of w?
2, 7, 53
Let k(y) = -325*y + 2373. List the prime factors of k(-57).
2, 3, 43
Suppose -w + 3193 = 25*p - 21*p, 0 = 4*p - 8. List the prime factors of w.
5, 7, 13
Suppose 21*v - 199 + 52 = 0. Suppose -o + 34 = -v. What are the prime factors of o?
41
Let a(x) = 4*x**2 - 43*x - 469. What are the prime factors of a(-33)?
2, 7, 379
Let n = -56 + 61. Suppose -2*k + 2*c + 406 = 0, -n*c = 2*k + 3*k - 1035. Let y = k + -115. What are the prime factors of y?
2, 3, 5
Let v = 14 - 13. Let t(j) = -52*j**3 - j**2 + 3*j - 2. Let c be t(v). Let h = 127 + c. List the prime factors of h.
3, 5
Suppose -8*f + 13*f - 2095 = -m, -2*f + m + 845 = 0. Let z = f - 141. What are the prime factors of z?
3, 31
Let m(s) = 5139*s**2 - 56*s + 107. List the prime factors of m(2).
20551
Suppose 17*a = 15*a + 376. Suppose -a = -5*j + 1227. What are the prime factors of j?
283
Let s(a) = -305*a + 446. What are the prime factors of s(-2)?
2, 3, 11
Suppose w + 4*o - 10 = 0, -2*o + 33 = 5*w + 1. Let a(u) = 92*u + 8. What are the prime factors of a(w)?
2, 5, 7
Let k = -25836 - -29906. What are the prime factors of k?
2, 5, 11, 37
Let t(j) = -108*j**3 + 42*j**3 + 7 - 4*j + 47*j**3 + 43*j**3 + 3*j**2. List the prime factors of t(2).
7, 29
Let q = -13837 + 19565. List the prime factors of q.
2, 179
Suppose 4*c - 21 = -5. Suppose 2853 = 5*m + c*m. What are the prime factors of m?
317
Suppose -5*o + 4*y + 29 = 0, 0*o - 21 = -4*o + y. Suppose 4*v = o*a + 294, -a + 2*a = 4*v - 62. Let d = 73 + a. What are the prime factors of d?
3, 5
Let w(q) = 4*q - 1. Let b(t) = 561*t - 43. Let h(d) = b(d) - 3*w(d). List the prime factors of h(2).
2, 23
List the prime factors of -33055*-6*(-18)/(-270).
2, 11, 601
Let m = 234 + -390. Let s = 31 - 369. Let r = m - s. List the prime factors of r.
2, 7, 13
Suppose -82*h - 5 = -83*h. Suppose 5*k - h*m - 1097 = 4*k, -2*m = -2*k + 2218. What are the prime factors of k?
2, 139
List the prime factors of (4 - (-86565)/45)/((-1)/(-3)).
5783
Let p(y) = -46*y - 256. Let v be p(-11). Let g = v + 295. List the prime factors of g.
5, 109
Suppose 4*p - 35 = 5*t, -5*t + 42 + 28 = 3*p. Suppose 1 + p = 4*a. Suppose d + 456 - 131 = a*j, 0 = 2*j - 4*d - 166. List the prime factors of j.
3
Let j(n) be the third derivative of -5*n**4/6 + 77*n**3/6 + 7*n**2 + 4*n. List the prime factors of j(-8).
3, 79
Let g(n) = -24*n**3 - 2*n**2 - 2*n + 1. Let l be g(1). What are the prime factors of (3872/12)/((-9)/l)?
2, 11
List the prime factors of 53/((-6)/3 - -3 - (-2035)/(-2046)).
2, 3, 31, 53
Let v = -191 + 191. Suppose v*a - a + 2*n + 395 = 0, 0 = 5*n - 20. What are the prime factors of a?
13, 31
Let l(g) = g**3 + 6*g**2 + g + 13. Let f = 128 + -134. List the prime factors of l(f).
7
Suppose 18 = 11*l - 5*l. Let w(b) = b**3 - 4*b**2 + 2*b + 5. Let p be w(l). List the prime factors of (-172 + p)*(2 - 3).
2, 5, 17
Let h(p) = -3*p**3 - 20*p**2 + 36*p + 131. What are the prime factors of h(-15)?
2, 163
Suppose 22*a - 1558 = -1338. Suppose -5*x - 2*p = -4*x - 10, -3*x - 10 = -2*p. Suppose -a*d + 330 + 700 = x. List the prime factors of d.
103
What are the prime factors of 6/(-1) - (-15844)/2?
2, 1979
What are the prime factors of 45050 + ((-5)/(45/18) - -9)?
3, 23, 653
Let f = 68 + -76. Let v(a) = 5*a**3 - 5*a**2 + 5*a - 6. Let o(s) = 14*s**3 - 16*s**2 + 16*s - 17. Let d(j) = f*v(j) + 3*o(j). List the prime factors of d(5).
3, 29
Let h = -6191 + 24787. List the prime factors of h.
2, 4649
Suppose -44093*b + 400092 = -44081*b. What are the prime factors of b?
7, 11, 433
Let n be 520*((-39)/(-9))/(1/3). Suppose 30*i = 38*i - n. Suppose -5*u + 0*m + i = -4*m, 5*m = 25. What are the prime factors of u?
173
Let w = 14 - 9. Suppose 916 = 62*f - 8012. Suppose -w*i = -5*d - 66 - f, -5*i + 170 = 5*d. What are the prime factors of i?
2, 19
Let q = 75 + -70. Suppose 2*t = n - 12, 3*t + 12 = 5*n + q*t. What are the prime factors of n?
2
Suppose -5*n + 11380 = -10*g, 5*g - 9*g - 11404 = -5*n. List the prime factors of n.
2, 571
Let i = -90 - -244. Suppose -5*a + 583 - i = -2*h, -5*a = 4*h - 417. List the prime factors of a.
5, 17
Suppose -6*c = -16*c + 50. Suppose -2*j + 29 = c*y, -y + 3 = j - 7. Suppose -j*o + 687 = -13. What are the prime factors of o?
2, 5
Let n be 7/28 + (1 - (-6796)/16). Suppose -3*u + 4*x = -274, -5*u = -0*u + x - n. What are the prime factors of u?
2, 43
What are the prime factors of 476/(-272) - (-44678)/8?
3, 1861
Let r(q) = 4*q - 32. Let k be r(9). Suppose 0*n - 5*j = -k*n - 2, 4 = 4*n - 2*j. Let u(y) = 6*y**3 - y**2 + 3*y - 2. What are the prime factor